{"id":71990,"date":"2013-02-10T23:53:24","date_gmt":"2013-02-10T22:53:24","guid":{"rendered":"https:\/\/www.domkulture-sivac.net\/?page_id=71990"},"modified":"2025-07-09T12:30:38","modified_gmt":"2025-07-09T10:30:38","slug":"famus","status":"publish","type":"page","link":"https:\/\/www.domkulture-sivac.net\/hu\/famus\/","title":{"rendered":"Famus"},"content":{"rendered":"<p><span class=\"jCAhz ChMk0b\"><span class=\"ryNqvb\">A sivaci Akusztikus Zenei Fesztiv\u00e1lt \u2013 FAMUS-t 1977-ben alap\u00edtott\u00e1k azzal a c\u00e9llal, hogy n\u00e9pszer\u0171s\u00edts\u00e9k az akusztikus zen\u00e9t, \u00e9s elismerj\u00e9k a fiatal, tehets\u00e9ges zen\u00e9szeket \u00e9s zeneszerz\u0151ket.<\/span><\/span> <span class=\"jCAhz ChMk0b\"><span class=\"ryNqvb\">Versenyk\u00e9nt indult, a r\u00e9sztvev\u0151ket pedig egy szakmai zs\u0171ri (h\u00edres zen\u00e9szek, k\u00f6lt\u0151k, \u00fajs\u00e1g\u00edr\u00f3k, sz\u00edn\u00e9szek stb.) \u00e9rt\u00e9keli.<\/span><\/span><\/p>\n<p><span class=\"jCAhz ChMk0b\"><span class=\"ryNqvb\">A fesztiv\u00e1lt Maksim Mudrini\u0107 alap\u00edtotta sivaci zen\u00e9szrajong\u00f3k \u00e9s a Sivaci Kultur\u00e1lis K\u00f6zpont seg\u00edts\u00e9g\u00e9vel.<\/span><\/span> <span class=\"jCAhz ChMk0b\"><span class=\"ryNqvb\">A FAMUS megalap\u00edt\u00e1sa el\u0151tt Maksim Mudrini\u0107 a \u201eMaxi\u201d zenekar frontembere volt, amelynek akkoriban k\u00f6r\u00fclbel\u00fcl harminc lemeze \u00e9s sz\u00e1mos sl\u00e1gere volt a h\u00e1ta m\u00f6g\u00f6tt.<\/span><\/span> <span class=\"jCAhz ChMk0b\"><span class=\"ryNqvb\">Dalaik hallhat\u00f3k voltak a Zombori R\u00e1di\u00f3ban, ahol a szerkeszt\u0151k Brana Plav\u0161i\u0107 \u00e9s Zdenko Baki\u0107 voltak, \u00e9s k\u00e9ts\u00e9gtelen\u00fcl min\u0151s\u00e9g\u00fckkel h\u00edvt\u00e1k fel magukra a figyelmet.<\/span><\/span> <span class=\"jCAhz ChMk0b\"><span class=\"ryNqvb\">Miut\u00e1n t\u00f6bb sikertelen k\u00eds\u00e9rletet tettek a szabadkai \u201eIfj\u00fas\u00e1gi Fesztiv\u00e1lra\u201d val\u00f3 bejut\u00e1sra, Mudrini\u0107 kidolgozta egy j\u00f6v\u0151beli sivaci fesztiv\u00e1l koncepci\u00f3j\u00e1t, amelyb\u0151l hamarosan megsz\u00fcletik a FAMUS.<\/span><\/span> <span class=\"jCAhz\"><span class=\"ryNqvb\">A fesztiv\u00e1l mott\u00f3ja (alc\u00edme) 1977 \u00f3ta v\u00e1ltozatlan: \u201eA zene, a szeretet \u00e9s a bar\u00e1ts\u00e1g nev\u00e9ben\u201d.<\/span><\/span> <span class=\"jCAhz ChMk0b\"><span class=\"ryNqvb\">E szlogen \u201esz\u00e1rnyain\u201d sokan sz\u00e1lltak le a FAMUS-ra, \u00e9s lelkesed\u00e9ssel indultak \u00fatnak a k\u00f6vetkez\u0151 \u00e9vekben.<\/span><\/span><\/p>\n<p><span class=\"jCAhz ChMk0b\"><span class=\"ryNqvb\">B\u00e1r a kezdet rendk\u00edv\u00fcl neh\u00e9z volt, a fesztiv\u00e1l hamarosan megtal\u00e1lta az \u00fatj\u00e1t.<\/span><\/span> <span class=\"jCAhz JpY6Fd\"><span class=\"ryNqvb\">Az els\u0151 \u00e9vben t\u00edz, t\u00f6bbnyire a Vajdas\u00e1gb\u00f3l \u00e9rkez\u0151 versenyz\u0151b\u0151l nagyon gyorsan 60-70 jelentkez\u00e9s \u00e9rkezett a fesztiv\u00e1lon val\u00f3 fell\u00e9p\u00e9sre, \u00edgy a j\u00f3v\u00e1hagyott kompoz\u00edci\u00f3k sz\u00e1ma k\u00f6r\u00fclbel\u00fcl harminc volt.<\/span><\/span><\/p>\n<p><span class=\"jCAhz ChMk0b\"><span class=\"ryNqvb\">A t\u00e1mogat\u00e1st a Zombori R\u00e1di\u00f3, a Szabadkai R\u00e1di\u00f3 (Franja Pinter), a Kula R\u00e1di\u00f3, a &#8220;Randevu sa muzikom&#8221; c\u00edm\u0171 m\u0171sor (Bogica Mijatovi\u0107 \u00e9s Vita Simurdi\u0107), Petar Janjatovi\u0107, az \u00dajvid\u00e9ki Telev\u00edzi\u00f3, sz\u00e1mos int\u00e9zm\u00e9ny, szponzor biztos\u00edtotta&#8230; A fesztiv\u00e1l ir\u00e1nt nagy volt az \u00e9rdekl\u0151d\u00e9s, r\u00e9sztvev\u0151k \u00e9rkeztek Belgr\u00e1db\u00f3l, \u00dajvid\u00e9kr\u0151l, Ni\u0161r\u0151l, Szabadk\u00e1r\u00f3l, Zomborb\u00f3l, Z\u00e1gr\u00e1bb\u00f3l, Fium\u00e9b\u00f3l, Zadarb\u00f3l, Szarajev\u00f3b\u00f3l, Mostarb\u00f3l, Ljubljan\u00e1b\u00f3l, s\u0151t m\u00e9g Magyarorsz\u00e1gr\u00f3l is.<\/span><\/span> <span class=\"jCAhz ChMk0b\"><span class=\"ryNqvb\">A min\u0151s\u00e9get nem k\u00e9rd\u0151jelezt\u00e9k meg, \u00e9s ezt al\u00e1t\u00e1masztja az a t\u00e9ny is, hogy a FAMUS gy\u0151ztese automatikusan helyet kapott a szabadkai &#8220;Ifj\u00fas\u00e1gi Fesztiv\u00e1lon&#8221;, ami sokak sz\u00e1m\u00e1ra el\u00e9rhetetlen volt.<\/span><\/span> <span class=\"jCAhz ChMk0b\"><span class=\"ryNqvb\">Emellett d\u00edjk\u00e9nt egy ingyenes st\u00fadi\u00f3albumot, valamint n\u00e9h\u00e1ny kisebb d\u00edjat (hangszereket) \u00e9s plakettet is kiosztottak.<\/span><\/span><\/p>\n<p><span class=\"jCAhz ChMk0b\"><span class=\"ryNqvb\">\u00cdgy az 1980-as \u00e9vekben a FAMUS sz\u00e9les utat k\u00f6vesett maga el\u0151tt, amelyet sokan, s\u0151t ma is h\u00edres zen\u00e9szek k\u00f6vettek: Aleksandar Barac, Maja Nikoli\u0107, Slobodan Trkulja&#8230; \u00c9rdekess\u00e9g, hogy a rijekai &#8220;Putokazi&#8221; egy\u00fcttes 1989-ben nyerte meg a FAMUS-t, \u00e9s mind\u00f6ssze n\u00e9h\u00e1ny \u00e9vvel k\u00e9s\u0151bb, &#8220;Eni&#8221;-re v\u00e1ltoztatva a nev\u00e9t, k\u00e9pviselte Horv\u00e1torsz\u00e1got az Eurov\u00edzi\u00f3n.<\/span><\/span> <span class=\"jCAhz ChMk0b\"><span class=\"ryNqvb\">Slavko Mati\u0107, a &#8220;Zbogom Bruce Lee&#8221; egy\u00fcttes frontembere is r\u00e9szt vett&#8230;<\/span><\/span><\/p>\n<p><span class=\"jCAhz ChMk0b\"><span class=\"ryNqvb\">Az els\u0151 FAMUS gy\u0151ztese a &#8220;Maxi&#8221; egy\u00fcttes volt, \u00e9s a k\u00f6vetkez\u0151 h\u00e1rom r\u00e9szv\u00e9tel\u00fck\u00f6n is figyelemre m\u00e9lt\u00f3 eredm\u00e9nyeket \u00e9rtek el.<\/span><\/span> <span class=\"jCAhz ChMk0b\"><span class=\"ryNqvb\">Ezut\u00e1n Maksim Mudrini\u0107 felhagyott a fell\u00e9p\u0151vel, \u00e9s teljes m\u00e9rt\u00e9kben a fesztiv\u00e1lnak \u00e9s annak fejleszt\u00e9s\u00e9nek szentelte mag\u00e1t, majd 1981-ben a fesztiv\u00e1l m\u0171v\u00e9szeti igazgat\u00f3ja lett.<\/span><\/span> <span class=\"jCAhz ChMk0b\"><span class=\"ryNqvb\">A nyolcvanas \u00e9vek k\u00f6sz\u00f6nt\u00f6tt\u00e9k be, mondhatni, a FAMUS aranykor\u00e1t\u2026<\/span><\/span><\/p>\n<p>Ami a FAMUS vend\u00e9geit \u00e9s a zs\u0171riben r\u00e9szt vev\u0151 szak\u00e9rt\u0151ket illeti, el kell mondani, hogy sz\u00e1muk nagy, \u00e9s mindannyian hatalmas b\u00e9lyeget nyomtak az eg\u00e9sz koncepci\u00f3ra, valamint arra a feladatra \u00e9s k\u00f6telezetts\u00e9gre, hogy a fesztiv\u00e1lnak komoly sz\u00ednvonalat kell fenntartania mennyis\u00e9gi \u00e9s k\u00fcl\u00f6n\u00f6sen min\u0151s\u00e9gi szempontb\u00f3l.<\/p>\n<p>N\u00e9h\u00e1nyan k\u00f6z\u00fcl\u00fck: Jovan Adamov, Petar Janjatovi\u0107, Peca Popovi\u0107, Bogica Mijatovi\u0107, Franja Pinter, Slavko Mati\u0107 (\u201eGoodbye Bruce Lee\u201d), Slobodan Trkulja, Bane Krsti\u0107 (\u201eGarravi Sokak\u201d), Du\u0161ko Trifunovi\u0107 k\u00f6lt\u0151, Bora \u010corba, Vlada i Bajka, Ljuba Ninkovi\u0107 (\u201eS` vremena na vreme\u201d), Dejan Cuki\u0107, \u201eTeljesen romantikus\u201d\u2026<\/p>\n<p><span class=\"jCAhz ChMk0b\"><span class=\"ryNqvb\">Term\u00e9szetesen voltak hull\u00e1mv\u00f6lgyek \u00e9s a kegyetlen h\u00e1bor\u00fas \u00e9vek\u2026 A fesztiv\u00e1l azonban ellen\u00e1llt minden rossznak, \u00e9s megmutatta, hogy m\u00e9g mindig er\u0151s, \u00e9s hogy az akusztikus zene nem halt ki.<\/span><\/span> <span class=\"jCAhz ChMk0b\"><span class=\"ryNqvb\">Az elm\u00falt \u00e9vekben a gyenge \u201ekultur\u00e1lis\u201d infrastrukt\u00fara miatt a fesztiv\u00e1l szenvedett, de ennek ellen\u00e9re siker\u00fcl meg\u0151riznie m\u00e9lt\u00f3s\u00e1g\u00e1t \u00e9s h\u00edrnev\u00e9t.<\/span><\/span> <span class=\"jCAhz ChMk0b\"><span class=\"ryNqvb\">\u00dajra felvett\u00fck a kapcsolatot az \u201eIfj\u00fas\u00e1gi Fesztiv\u00e1llal\u201d, \u00e9s \u00f6szt\u00f6nz\u0151ket biztos\u00edtunk a fiatal zen\u00e9szeknek, valamint ism\u00e9t \u00e9rkeztek vend\u00e9gek Banja Luk\u00e1b\u00f3l, Ljubljan\u00e1b\u00f3l, Z\u00e1gr\u00e1bb\u00f3l, Zadarb\u00f3l&#8230; A Kult\u00fara H\u00e1za, mint Sivacunk kultur\u00e1lis \u00f6r\u00f6ks\u00e9g\u00e9nek \u00e9s kort\u00e1rs m\u0171v\u00e9szeti alkot\u00e1sainak legmagasabb jelz\u0151f\u00e9nye, val\u00f3ban minden erej\u00e9vel azon dolgozik, hogy a FAMUS a \u201eZene, a szerelem \u00e9s a bar\u00e1ts\u00e1g\u201d \u00f6r\u00f6k szimb\u00f3luma legyen, ahogy mindig is volt, \u00e9s hogy mindig azon a magas szinten maradjon, amelyet \u2013 b\u00e1rmit is mondanak a rosszindulat\u00fa dilett\u00e1nsok \u2013 mindenk\u00e9ppen meg\u00e9rdemel.<\/span><\/span> <span class=\"jCAhz ChMk0b\"><span class=\"ryNqvb\">Bebizony\u00edtotta, hogy&#8230;<\/span><\/span><\/p>\n","protected":false},"excerpt":{"rendered":"<p>A sivaci Akusztikus Zenei Fesztiv\u00e1lt \u2013 FAMUS-t 1977-ben alap\u00edtott\u00e1k azzal a c\u00e9llal, hogy n\u00e9pszer\u0171s\u00edts\u00e9k az akusztikus zen\u00e9t, \u00e9s elismerj\u00e9k a fiatal, tehets\u00e9ges zen\u00e9szeket \u00e9s zeneszerz\u0151ket. Versenyk\u00e9nt<span class=\"excerpt-hellip\"> [\u2026]<\/span><\/p>\n","protected":false},"author":1003,"featured_media":-1,"parent":0,"menu_order":0,"comment_status":"closed","ping_status":"closed","template":"","meta":{"footnotes":""},"class_list":["post-71990","page","type-page","status-publish","has-post-thumbnail","hentry"],"_links":{"self":[{"href":"https:\/\/www.domkulture-sivac.net\/hu\/wp-json\/wp\/v2\/pages\/71990","targetHints":{"allow":["GET"]}}],"collection":[{"href":"https:\/\/www.domkulture-sivac.net\/hu\/wp-json\/wp\/v2\/pages"}],"about":[{"href":"https:\/\/www.domkulture-sivac.net\/hu\/wp-json\/wp\/v2\/types\/page"}],"author":[{"embeddable":true,"href":"https:\/\/www.domkulture-sivac.net\/hu\/wp-json\/wp\/v2\/users\/1003"}],"replies":[{"embeddable":true,"href":"https:\/\/www.domkulture-sivac.net\/hu\/wp-json\/wp\/v2\/comments?post=71990"}],"version-history":[{"count":1,"href":"https:\/\/www.domkulture-sivac.net\/hu\/wp-json\/wp\/v2\/pages\/71990\/revisions"}],"predecessor-version":[{"id":71991,"href":"https:\/\/www.domkulture-sivac.net\/hu\/wp-json\/wp\/v2\/pages\/71990\/revisions\/71991"}],"wp:featuredmedia":[{"embeddable":true,"href":"https:\/\/www.domkulture-sivac.net\/hu\/wp-json\/"}],"wp:attachment":[{"href":"https:\/\/www.domkulture-sivac.net\/hu\/wp-json\/wp\/v2\/media?parent=71990"}],"curies":[{"name":"wp","href":"https:\/\/api.w.org\/{rel}","templated":true}]}}

<p><span class="jCAhz ChMk0b"><span class="ryNqvb">A sivaci Akusztikus Zenei Fesztivált – FAMUS-t 1977-ben alapították azzal a céllal, hogy népszerűsítsék az akusztikus zenét, és elismerjék a fiatal, tehetséges zenészeket és zeneszerzőket.</span></span> <span class="jCAhz ChMk0b"><span class="ryNqvb">Versenyként indult, a résztvevőket pedig egy szakmai zsűri (híres zenészek, költők, újságírók, színészek stb.) értékeli.</span></span></p>
<p><span class="jCAhz ChMk0b"><span class="ryNqvb">A fesztivált Maksim Mudrinić alapította sivaci zenészrajongók és a Sivaci Kulturális Központ segítségével.</span></span> <span class="jCAhz ChMk0b"><span class="ryNqvb">A FAMUS megalapítása előtt Maksim Mudrinić a „Maxi” zenekar frontembere volt, amelynek akkoriban körülbelül harminc lemeze és számos slágere volt a háta mögött.</span></span> <span class="jCAhz ChMk0b"><span class="ryNqvb">Dalaik hallhatók voltak a Zombori Rádióban, ahol a szerkesztők Brana Plavšić és Zdenko Bakić voltak, és kétségtelenül minőségükkel hívták fel magukra a figyelmet.</span></span> <span class="jCAhz ChMk0b"><span class="ryNqvb">Miután több sikertelen kísérletet tettek a szabadkai „Ifjúsági Fesztiválra” való bejutásra, Mudrinić kidolgozta egy jövőbeli sivaci fesztivál koncepcióját, amelyből hamarosan megszületik a FAMUS.</span></span> <span class="jCAhz"><span class="ryNqvb">A fesztivál mottója (alcíme) 1977 óta változatlan: „A zene, a szeretet és a barátság nevében”.</span></span> <span class="jCAhz ChMk0b"><span class="ryNqvb">E szlogen „szárnyain” sokan szálltak le a FAMUS-ra, és lelkesedéssel indultak útnak a következő években.</span></span></p>
<p><span class="jCAhz ChMk0b"><span class="ryNqvb">Bár a kezdet rendkívül nehéz volt, a fesztivál hamarosan megtalálta az útját.</span></span> <span class="jCAhz JpY6Fd"><span class="ryNqvb">Az első évben tíz, többnyire a Vajdaságból érkező versenyzőből nagyon gyorsan 60-70 jelentkezés érkezett a fesztiválon való fellépésre, így a jóváhagyott kompozíciók száma körülbelül harminc volt.</span></span></p>
<p><span class="jCAhz ChMk0b"><span class="ryNqvb">A támogatást a Zombori Rádió, a Szabadkai Rádió (Franja Pinter), a Kula Rádió, a &#8220;Randevu sa muzikom&#8221; című műsor (Bogica Mijatović és Vita Simurdić), Petar Janjatović, az Újvidéki Televízió, számos intézmény, szponzor biztosította&#8230; A fesztivál iránt nagy volt az érdeklődés, résztvevők érkeztek Belgrádból, Újvidékről, Nišről, Szabadkáról, Zomborból, Zágrábból, Fiuméból, Zadarból, Szarajevóból, Mostarból, Ljubljanából, sőt még Magyarországról is.</span></span> <span class="jCAhz ChMk0b"><span class="ryNqvb">A minőséget nem kérdőjelezték meg, és ezt alátámasztja az a tény is, hogy a FAMUS győztese automatikusan helyet kapott a szabadkai &#8220;Ifjúsági Fesztiválon&#8221;, ami sokak számára elérhetetlen volt.</span></span> <span class="jCAhz ChMk0b"><span class="ryNqvb">Emellett díjként egy ingyenes stúdióalbumot, valamint néhány kisebb díjat (hangszereket) és plakettet is kiosztottak.</span></span></p>
<p><span class="jCAhz ChMk0b"><span class="ryNqvb">Így az 1980-as években a FAMUS széles utat kövesett maga előtt, amelyet sokan, sőt ma is híres zenészek követtek: Aleksandar Barac, Maja Nikolić, Slobodan Trkulja&#8230; Érdekesség, hogy a rijekai &#8220;Putokazi&#8221; együttes 1989-ben nyerte meg a FAMUS-t, és mindössze néhány évvel később, &#8220;Eni&#8221;-re változtatva a nevét, képviselte Horvátországot az Eurovízión.</span></span> <span class="jCAhz ChMk0b"><span class="ryNqvb">Slavko Matić, a &#8220;Zbogom Bruce Lee&#8221; együttes frontembere is részt vett&#8230;</span></span></p>
<p><span class="jCAhz ChMk0b"><span class="ryNqvb">Az első FAMUS győztese a &#8220;Maxi&#8221; együttes volt, és a következő három részvételükön is figyelemre méltó eredményeket értek el.</span></span> <span class="jCAhz ChMk0b"><span class="ryNqvb">Ezután Maksim Mudrinić felhagyott a fellépővel, és teljes mértékben a fesztiválnak és annak fejlesztésének szentelte magát, majd 1981-ben a fesztivál művészeti igazgatója lett.</span></span> <span class="jCAhz ChMk0b"><span class="ryNqvb">A nyolcvanas évek köszöntötték be, mondhatni, a FAMUS aranykorát…</span></span></p>
<p>Ami a FAMUS vendégeit és a zsűriben részt vevő szakértőket illeti, el kell mondani, hogy számuk nagy, és mindannyian hatalmas bélyeget nyomtak az egész koncepcióra, valamint arra a feladatra és kötelezettségre, hogy a fesztiválnak komoly színvonalat kell fenntartania mennyiségi és különösen minőségi szempontból.</p>
<p>Néhányan közülük: Jovan Adamov, Petar Janjatović, Peca Popović, Bogica Mijatović, Franja Pinter, Slavko Matić („Goodbye Bruce Lee”), Slobodan Trkulja, Bane Krstić („Garravi Sokak”), Duško Trifunović költő, Bora Čorba, Vlada i Bajka, Ljuba Ninković („S` vremena na vreme”), Dejan Cukić, „Teljesen romantikus”…</p>
<p><span class="jCAhz ChMk0b"><span class="ryNqvb">Természetesen voltak hullámvölgyek és a kegyetlen háborús évek… A fesztivál azonban ellenállt minden rossznak, és megmutatta, hogy még mindig erős, és hogy az akusztikus zene nem halt ki.</span></span> <span class="jCAhz ChMk0b"><span class="ryNqvb">Az elmúlt években a gyenge „kulturális” infrastruktúra miatt a fesztivál szenvedett, de ennek ellenére sikerül megőriznie méltóságát és hírnevét.</span></span> <span class="jCAhz ChMk0b"><span class="ryNqvb">Újra felvettük a kapcsolatot az „Ifjúsági Fesztivállal”, és ösztönzőket biztosítunk a fiatal zenészeknek, valamint ismét érkeztek vendégek Banja Lukából, Ljubljanából, Zágrábból, Zadarból&#8230; A Kultúra Háza, mint Sivacunk kulturális örökségének és kortárs művészeti alkotásainak legmagasabb jelzőfénye, valóban minden erejével azon dolgozik, hogy a FAMUS a „Zene, a szerelem és a barátság” örök szimbóluma legyen, ahogy mindig is volt, és hogy mindig azon a magas szinten maradjon, amelyet – bármit is mondanak a rosszindulatú dilettánsok – mindenképpen megérdemel.</span></span> <span class="jCAhz ChMk0b"><span class="ryNqvb">Bebizonyította, hogy&#8230;</span></span></p>

<p>A sivaci Akusztikus Zenei Fesztivált – FAMUS-t 1977-ben alapították azzal a céllal, hogy népszerűsítsék az akusztikus zenét, és elismerjék a fiatal, tehetséges zenészeket és zeneszerzőket. Versenyként<span class="excerpt-hellip"> […]</span></p>
